factors of 20817673.
17, 19, 64451
What are the prime factors of 6776402?
2, 37, 91573
What are the prime factors of 281183?
7, 40169
What are the prime factors of 28327657?
28327657
List the prime factors of 83582.
2, 23, 79
What are the prime factors of 487506?
2, 3, 31, 2621
List the prime factors of 105593.
23, 4591
List the prime factors of 826419.
3, 11, 79, 317
List the prime factors of 461204.
2, 115301
List the prime factors of 1175324.
2, 293831
What are the prime factors of 985927?
41, 139, 173
What are the prime factors of 10102157?
13, 59, 13171
List the prime factors of 131312.
2, 29, 283
What are the prime factors of 1398772?
2, 59, 5927
List the prime factors of 25930703.
25930703
List the prime factors of 9594236.
2, 2398559
What are the prime factors of 268787?
17, 97, 163
List the prime factors of 428099.
7, 23, 2659
What are the prime factors of 2455460?
2, 5, 7, 17539
What are the prime factors of 2533775?
5, 43, 2357
List the prime factors of 1056271.
1056271
What are the prime factors of 303394?
2, 7, 13, 1667
List the prime factors of 178038.
2, 3, 7, 157
What are the prime factors of 961788?
2, 3, 80149
What are the prime factors of 285184?
2, 557
What are the prime factors of 1071440?
2, 5, 59, 227
What are the prime factors of 91691?
91691
List the prime factors of 3973339.
3973339
What are the prime factors of 18555?
3, 5, 1237
What are the prime factors of 795959?
313, 2543
What are the prime factors of 1576385?
5, 37, 8521
List the prime factors of 168702.
2, 3, 31, 907
List the prime factors of 5635250.
2, 5, 22541
List the prime factors of 46761.
3, 11, 13, 109
List the prime factors of 2093415.
3, 5, 67, 2083
What are the prime factors of 444219?
3, 148073
What are the prime factors of 673879?
673879
List the prime factors of 272290.
2, 5, 73, 373
What are the prime factors of 333747?
3, 47, 263
What are the prime factors of 17092?
2, 4273
What are the prime factors of 318383?
13, 19, 1289
List the prime factors of 192201.
3, 64067
What are the prime factors of 1407?
3, 7, 67
What are the prime factors of 1557777?
3, 13, 59, 677
List the prime factors of 162298.
2, 19, 4271
What are the prime factors of 13054793?
17, 61, 12589
What are the prime factors of 1159155?
3, 5, 25759
What are the prime factors of 918553?
641, 1433
What are the prime factors of 284786?
2, 23, 41, 151
What are the prime factors of 447237?
3, 7, 31, 229
What are the prime factors of 1146415?
5, 229283
List the prime factors of 9083411.
9083411
What are the prime factors of 65731?
65731
List the prime factors of 26817.
3, 7, 1277
What are the prime factors of 640766?
2, 7, 37, 1237
What are the prime factors of 8147551?
8147551
What are the prime factors of 2103736?
2, 97, 2711
What are the prime factors of 19337704?
2, 17, 142189
List the prime factors of 316175.
5, 12647
What are the prime factors of 9935708?
2, 19, 239, 547
What are the prime factors of 15818805?
3, 5, 351529
What are the prime factors of 706830?
2, 3, 5, 23561
What are the prime factors of 378796?
2, 11, 8609
List the prime factors of 87064.
2, 10883
What are the prime factors of 23095701?
3, 2566189
List the prime factors of 10261973.
10261973
What are the prime factors of 4740714?
2, 3, 11, 23, 347
What are the prime factors of 88078?
2, 47, 937
What are the prime factors of 20764989?
3, 7, 329603
List the prime factors of 247245.
3, 5, 53, 311
What are the prime factors of 487085?
5, 61, 1597
List the prime factors of 12065655.
3, 5, 7, 151, 761
List the prime factors of 596299.
11, 151, 359
List the prime factors of 17073183.
3, 83, 68567
List the prime factors of 286539.
3, 11, 19, 457
What are the prime factors of 216025?
5, 8641
List the prime factors of 1094204.
2, 273551
What are the prime factors of 321649?
263, 1223
What are the prime factors of 395027?
395027
List the prime factors of 9738445.
5, 431, 4519
What are the prime factors of 17178?
2, 3, 7, 409
What are the prime factors of 9655106?
2, 4827553
What are the prime factors of 777595?
5, 7, 13, 1709
What are the prime factors of 99085?
5, 7, 19, 149
What are the prime factors of 111611?
111611
List the prime factors of 3103283.
3103283
List the prime factors of 3313589.
17, 194917
What are the prime factors of 44810666?
2, 22405333
What are the prime factors of 511298?
2, 255649
List the prime factors of 275205.
3, 5, 7, 2621
List the prime factors of 12726002.
2, 37, 47, 3659
What are the prime factors of 796690?
2, 5, 79669
What are the prime factors of 19889228?
2, 31, 160397
List the prime factors of 379263.
3, 126421
What are the prime factors of 731998?
2, 23, 15913
What are the prime factors of 325781?
325781
What are the prime factors of 3178898?
2, 17, 93497
List the prime factors of 4494228.
2, 3, 607, 617
What are the prime factors of 642217?
642217
What are the prime factors of 14299091?
17, 31, 43, 631
List the prime factors of 44427.
3, 59, 251
What are the prime factors of 9847159?
7, 59, 113, 211
What are the prime factors of 768436?
2, 19, 10111
List the prime factors of 1105255.
5, 17, 13003
What are the prime factors of 8211?
3, 7, 17, 23
What are the prime factors of 8601071?
2251, 3821
What are the prime factors of 6553552?
2, 409597
What are the prime factors of 410052?
2, 3, 34171
List the prime factors of 7185.
3, 5, 479
What are the prime factors of 659155?
5, 7, 37, 509
What are the prime factors of 143318?
2, 7, 29, 353
List the prime factors of 374133.
3, 311, 401
What are the prime factors of 756854?
2, 7, 7723
List the prime factors of 3575459.
59, 60601
What are the prime factors of 8247537?
3, 137, 6689
What are the prime factors of 21192?
2, 3, 883
List the prime factors of 21809130.
2, 3, 5, 7, 17, 41, 149
What are the prime factors of 1348285?
5, 41, 6577
What are the prime factors of 9689519?
7, 89, 103, 151
List the prime factors of 1095568.
2, 68473
List the prime factors of 554180.
2, 5, 11, 229
What are the prime factors of 89195?
5, 17839
List the prime factors of 4059523.
13, 23, 13577
List the prime factors of 13935825.
3, 5, 241, 257
What are the prime factors of 21965131?
43, 510817
What are the prime factors of 1560916?
2, 7, 107, 521
List the prime factors of 753717.
3, 277, 907
List the prime factors of 117729.
3, 103, 127
What are the prime factors of 103665?
3, 5, 6911
What are the prime factors of 107704?
2, 13463
What are the prime factors of 69782?
2, 23, 37, 41
What are the prime factors of 44404?
2, 17, 653
List the prime factors of 303823.
13, 23371
List the prime factors of 696385.
5, 41, 43, 79
List the prime factors of 457945.
5, 67, 1367
List the prime factors of 250320.
2, 3, 5, 7, 149
What are the prime factors of 29696?
2, 29
List the prime factors of 5183806.
2, 137, 18919
List the prime factors of 816756.
2, 3, 29, 2347
List the prime factors of 164384.
2, 11, 467
What are the prime factors of 220993?
223, 991
List the prime factors of 11492102.
2, 17, 227, 1489
What are the prime factors of 4553396?
2, 733, 1553
What are the prime factors of 533788?
2, 133447
What are the prime factors of 2913868?
2, 17, 73, 587
What are the prime factors of 2639962?
2, 13, 101537
List the prime factors of 964068.
2, 3, 7, 23, 499
What are the prime factors of 272992?
2, 19, 449
List the prime factors of 8308833.
3, 13, 19, 11213
List the prime factors of 4131443.
4131443
What are the prime factors of 276100?
2, 5, 11, 251
What are the prime factors of 285424?
2, 17839
List the prime factors of 722308.
2, 359, 503
What are the prime factors of 14137932?
2, 3, 1178161
What are the prime factors of 2216129?
1187, 1867
What are the prime factors of 1079371?
19, 56809
List the prime factors of 1013354.
2, 89, 5693
What are the prime factors of 784832?
2, 12263
List the prime factors of 13271623.
163, 81421
List the prime factors of 652914.
2, 3, 107, 113
List the prime factors of 27530193.
3, 29, 316439
What are the prime factors of 22282?
2, 13, 857
List the prime factors of 10283444.
2, 31, 127, 653
What are the prime factors of 1627433?
643, 2531
What are the prime factors of 841307?
841307
List the prime factors of 478318.
2, 311, 769
List the prime factors of 2449976.
2, 306247
List the prime factors of 11458449.
3, 59, 7193
What are the prime f